2 = 5*c - 2*c + 4*t. What is the remainder when c is divided by 313?
311
Suppose 2702 = -5*a - 303. Let d = -583 - a. What is the remainder when 193 is divided by d?
13
Suppose 4679*m - 2716 = 4485*m. Calculate the remainder when 516 is divided by m.
12
Let g(l) = 5*l**2 + 3*l + 7. Calculate the remainder when g(6) is divided by (6/(-12))/(((-155)/(-10075))/(4/(-5))).
23
Suppose 0 = 2002*s - 1983*s - 304. What is the remainder when 515 is divided by s?
3
Suppose -2*y + 6 = 0, -825 = -p + 2*y + 584. Calculate the remainder when p is divided by 465.
20
Let d = 59 + -62. Calculate the remainder when 1/d - -1*1164/9 is divided by 19.
15
What is the remainder when 7801 is divided by (-18480)/(-64) + 3/12?
287
Let a(o) = 2*o**2 + 9*o. Suppose -4*u + 13*u = 3060. Suppose -8*s + u = -3*s. What is the remainder when s is divided by a(-6)?
14
Suppose 5*o = -3*u + 36, 515*u - 512*u = -2*o + 27. Let i = -5 - -7. Calculate the remainder when o is divided by i.
1
Let q = 91 - 48. Suppose 39*u = q*u - 144. What is the remainder when 106 is divided by u?
34
Let d = 317 + -293. What is the remainder when 42 is divided by -3 + 0 + -2 + 7 + d?
16
Suppose 0 = -2*n + 12, n = -2*b - 76 + 140. Let d(g) = g**2 + 2*g + 2. Let j be d(-2). Suppose 0 = j*s - 169 - 59. What is the remainder when s is divided by b?
27
Let a = -26 - -166. Suppose 14*m - 434 = a. Calculate the remainder when 52 is divided by m.
11
Let l(x) = 76*x - 506. Calculate the remainder when 220 is divided by l(7).
12
Let s(t) = 7*t**2 - 180*t + 44. Calculate the remainder when 325 is divided by s(26).
37
Suppose 0*g + 2*g - 542 = 0. Let n = g + -222. Calculate the remainder when n is divided by 13.
10
Let f = 20 - 12. Suppose -2*n + 36 = f. Suppose 2*d - 11*z = -6*z + 153, -z = -3*d + 210. What is the remainder when d is divided by n?
13
Let v = 175 + -138. Let r be -20 + 2 + -1 + -1. Let t = r - -28. Calculate the remainder when v is divided by t.
5
Suppose -w = 17*w - 1692. What is the remainder when w is divided by 6?
4
Suppose 0 = 265*w - 321*w + 52024. Calculate the remainder when w is divided by 39.
32
Calculate the remainder when 222 is divided by ((-1476)/24 + -2)*(-1 + -1).
95
What is the remainder when (3 - 6/4)/(((-120)/10592)/(-5)) is divided by 80?
22
Let v = 7107 - 6733. Calculate the remainder when v is divided by 27.
23
Suppose -2*b = 14*b - 32. Suppose -41 - 57 = -5*t - b*s, -4*s = t - 16. What is the remainder when 97 is divided by t?
17
Suppose 5*r - 8*r = -3*i - 2172, -3*i = -18. Calculate the remainder when r is divided by 2.
0
Suppose 2*h + 2*h + 349 = k, -4*k = -3*h - 1357. Suppose 0 = -4*s + n + 48, 794*s - 798*s = 5*n. What is the remainder when k is divided by s?
7
Let i = 147 - 133. What is the remainder when -2*(-469)/i*1/1 is divided by 17?
16
Suppose -5*v = q - 12, 2*v + 5*q - 12 = v. Suppose 19 = v*n - 15. What is the remainder when 43 is divided by n?
9
Suppose -3*i - 2 = -17. Suppose -4*c + 28 + 173 = i*z, 2*c = -2*z + 82. Let n(s) = -2*s - 2. Calculate the remainder when z is divided by n(-5).
5
Let n(b) = b**3 - 8*b**2 + 4*b + 19. Let q be n(7). Let j be q - -3*4*1/2. Calculate the remainder when 558/j*(-22)/(-33) is divided by 24.
21
Let z = 576 - 513. Suppose -z*u + 1205 = -55. What is the remainder when 23 is divided by u?
3
Let q(k) = 2*k - 33. Let y be q(-16). Let n = -66 - y. Calculate the remainder when 50 is divided by (3 - (7 - 3))*17/n.
16
Suppose -442 = -35*x + 606 + 212. Calculate the remainder when 4604 is divided by x.
32
Suppose 2*j - 6 = -0*j. Let t(v) = 31*v**2 - 8. Let g be t(j). Let i = g + -192. Calculate the remainder when i is divided by 16.
15
Let n = 236 - -2490. What is the remainder when n is divided by 14?
10
Let x be (-1)/4*(0/(-5))/(-4). Let m(g) = 3*g + 84. Let z be m(x). Suppose 8*r = 15*r - z. Calculate the remainder when 33 is divided by r.
9
Suppose 262*j - 268*j = -17682. Suppose 5*u - 9*u = 5*f - j, -2*f + 1177 = u. What is the remainder when f is divided by 31?
29
Let w(t) = t**3 + 68*t**2 - 365*t + 12. What is the remainder when 1171 is divided by w(-73)?
7
Let j = -42 + 45. Suppose 2*d = j*d - 150. Suppose 3*c = 2*y + c - 84, -4*y - 5*c + 132 = 0. What is the remainder when d is divided by y?
36
Let m(b) = -4*b**3 - 102*b**2 - 98*b + 51. Calculate the remainder when 3765 is divided by m(-25).
12
Let d = 31 - 28. Suppose 5*s - 6*r = -d*r + 73, -5*s + 5*r = -75. Let w(h) = -h**3 - 6*h**2 + 9*h + 11. What is the remainder when w(-8) is divided by s?
11
Suppose 0 = s + 2*l - 70, 10*s = 9*s + 3*l + 95. What is the remainder when 167 is divided by s?
7
Let h(i) = -2*i**2 + 7*i - 1. Let j be h(9). Let b be j/75*(0 - -39). Let a = -37 - b. Calculate the remainder when 88 is divided by a.
13
Suppose -5*h = -2*r + 39, r - 5*h + 878 = 890. Calculate the remainder when 544 is divided by r.
4
Calculate the remainder when 13343 is divided by 2421/(-4842)*-17*(9 - -1).
83
Let r = -157 + 220. What is the remainder when r is divided by 81/(-9) + -1 + (15 - -7)?
3
Suppose 23*w - 24 - 45 = 0. Suppose 3*v - 286 = -4*r, r = 8*v - w*v + 60. What is the remainder when r is divided by 24?
22
What is the remainder when 1081 is divided by (-2)/((-62)/899)*(-18)/(-1)?
37
Suppose 239*w - 244*w = -25. Suppose 0 = w*x + 25, 2*f + 5*x - 3*x = 30. What is the remainder when 257 is divided by f?
17
Let j(w) = w**2 - 10*w + 52. What is the remainder when 78 is divided by j(8)?
6
Let n(z) = -9*z**2 + 62*z - 77. What is the remainder when 4541 is divided by n(5)?
5
Suppose 5*o = 7*o. Suppose o = -m - 12 + 93. What is the remainder when m is divided by (-14 - 2)*70/(-40)?
25
Let s(u) = -25*u + 2. Let b be s(-1). Suppose b = 6*a + 3. Suppose -a*r = -2*r - 64. What is the remainder when 127 is divided by r?
31
Suppose -v = -3*v + l - 13, -5*v + 3*l - 35 = 0. Let s be v/((-4)/(-224)*-2). Let c = s + -41. What is the remainder when c is divided by 15?
11
Suppose 895 = -20*t - 2445. Let o = -132 - t. Calculate the remainder when 137 is divided by o.
32
Let u = -42 - -80. Suppose i = -0*s - s + 9, -2*i + 26 = 3*s. What is the remainder when u is divided by -36*s/(-16) + (-5 - -1)?
10
Let f = 661 - 571. Suppose 482 = 13*l + 27. What is the remainder when f is divided by l?
20
Suppose -5*c + 2*t - 6*t = -12, -3*t + 2 = 2*c. Let x = -440 - -447. What is the remainder when ((-4)/(-6))/(c/114) is divided by x?
5
Let g = 15 - -470. Let q = 690 - g. Suppose 0 = -11*p + q + 15. Calculate the remainder when 78 is divided by p.
18
Suppose -3216 = -41*o + 1909. Suppose -m - 3*x + 55 = 0, -27*x + 26*x + o = 3*m. Calculate the remainder when 48 is divided by m.
8
Let h(k) = k**3 + 17*k**2 - 6*k + 48. Let t be h(-17). Suppose t = 4*f - 98. What is the remainder when f is divided by (-74)/(-6) - 2/(-3)?
10
Let s(f) = -f**3 + 16*f**2 - 27*f - 7. Calculate the remainder when ((-448)/80)/(2 - 31/15) is divided by s(3).
26
Let f(a) = 202*a - 395. Calculate the remainder when 484 is divided by f(2).
7
Let o(c) = c**3 + 13*c**2 + 18*c - 20. Let i(d) = 2*d**2 + 16*d - 11. Let t be i(-8). What is the remainder when 31 is divided by o(t)?
7
Suppose -28*g + 124 + 548 = 0. Calculate the remainder when 141 is divided by g.
21
Suppose 19*s = 8*s + 275. Let f be 4148/(-5) - (5 - 115/s). Calculate the remainder when f/(-15) + 2/3 is divided by 29.
27
Suppose 21*x - 174 - 36 = 0. What is the remainder when 285 is divided by x?
5
Let y be 138/(-18) + 15*(-6)/(-54). Calculate the remainder when ((-8)/(-5))/(y - (-1806)/300) is divided by 7.
3
Let y = -32240 - -32352. Suppose 0 = -h + 6*h - 155. Calculate the remainder when y is divided by h.
19
Suppose -44*s = -43*s - 5. Let y(o) = o**2 - 9*o + 22. Let g be y(s). What is the remainder when 68 is divided by g/(-8) + 465/20?
22
Let r = 49 - 47. Let p(w) = 3 - r*w + 9 + 9*w - 1. Calculate the remainder when p(3) is divided by 11.
10
Suppose -5*u = 5*y - 4465, -y = -495*u + 500*u - 4445. What is the remainder when u is divided by 125?
13
Let s = 516 - 19. Let k = 696 - s. Suppose -3*g + r + 159 = 0, g = -3*g - 3*r + k. Calculate the remainder when g is divided by 9.
7
Suppose 325 = -5*p + i + 1514, -2*p + 4*i + 490 = 0. Calculate the remainder when 717 is divided by p.
6
Suppose 8*s - 6*s = j - 35, 5*s - 2*j = -85. Let y(m) = -2*m + 36. Calculate the 